{"id":976,"date":"2019-05-08T10:37:41","date_gmt":"2019-05-08T10:37:41","guid":{"rendered":"https:\/\/papyro.com\/dev\/?page_id=976"},"modified":"2023-11-16T20:46:28","modified_gmt":"2023-11-16T20:46:28","slug":"papyro","status":"publish","type":"page","link":"https:\/\/papyro.com\/home\/papyro\/","title":{"rendered":"Papyro"},"content":{"rendered":"<div class=\"wpb-content-wrapper\"><p>[vc_row][vc_column][vc_custom_heading text=&#8221;Papyro &#8211; La soluci\u00f3n de avanzada para la programaci\u00f3n de la producci\u00f3n de papeles, cartones y cartulinas&#8221; use_theme_fonts=&#8221;yes&#8221; css_animation=&#8221;fadeIn&#8221;][vc_empty_space height=&#8221;60px&#8221; hide_on_desktop=&#8221;&#8221; hide_on_notebook=&#8221;&#8221; hide_on_tablet=&#8221;&#8221; hide_on_mobile=&#8221;&#8221;][vc_column_text]<big><strong>Papyro<\/strong> es nuestro principal desarrollo, y el que cuenta con la mayor cantidad de usuarios activos. Actualmente, el 40% del papel que se fabrica en la Argentina est\u00e1 programado con <strong>Papyro<\/strong>. Conozca los beneficios que provee el uso de esta potente herramienta matem\u00e1tica!<\/big>[\/vc_column_text][\/vc_column][\/vc_row][vc_row][vc_column][vc_custom_heading text=&#8221;Caracter\u00edsticas Generales&#8221; use_theme_fonts=&#8221;yes&#8221; css_animation=&#8221;fadeIn&#8221;][vc_empty_space height=&#8221;60px&#8221; hide_on_desktop=&#8221;&#8221; hide_on_notebook=&#8221;&#8221; hide_on_tablet=&#8221;&#8221; hide_on_mobile=&#8221;&#8221;][vc_column_text]<\/p>\n<ul>\n<li><big><strong>Papyro<\/strong> planifica la producci\u00f3n de bobinas y resmas, buscando el plan de producci\u00f3n que produzca el menor desperdicio, o que proporcione los mayores beneficios (minimizando el costo). Se adapta f\u00e1cilmente a cualquier tipo de empresa y a todos los ambientes de fabricaci\u00f3n existentes en el mercado.<\/big><\/li>\n<li><big><strong>Papyro<\/strong> es un producto orientado al mercado nacional y latinoamericano, desarrollado en el pa\u00eds y con soporte permanente para los usuarios. Esta es una caracter\u00edstica que le otorga gran competitividad frente a productos extranjeros, dado que los tiempos de respuesta ante solicitudes del usuario son mucho menores.<\/big><\/li>\n<li><big><strong>Papyro <\/strong>es su mejor aliado a la hora de los costos. Busca autom\u00e1ticamente el mejor plan de producci\u00f3n (minimizando el desperdicio o el costo), permiti\u00e9ndole planificar la producci\u00f3n r\u00e1pidamente y con la mayor eficiencia<\/big><\/li>\n<li><big><strong>Papyro<\/strong> utiliza modernos m\u00e9todos matem\u00e1ticos que le permiten encontrar el mejor plan de producci\u00f3n posible. Una vez que <strong>Papyro<\/strong> halla una soluci\u00f3n, usted puede estar seguro de que esa es la mejor manera de realizar su producci\u00f3n, dado que no existe mejor soluci\u00f3n posible.<\/big><\/li>\n<li><big>Una vez que ha encontrado el mejor plan de producci\u00f3n, <strong>Papyro<\/strong> pone a su alcance una poderosa e intuitiva herramienta para editar este plan, en base a su experiencia y para adecuarlo a las necesidades de su empresa. De esta forma, las soluciones no son datos r\u00edgidos, sino que usted tiene todas las comodidades para modificarlas de acuerdo a sus necesidades.<\/big><\/li>\n<\/ul>\n<p>[\/vc_column_text][vc_empty_space height=&#8221;40px&#8221; alter_height=&#8221;small&#8221; hide_on_desktop=&#8221;&#8221; hide_on_notebook=&#8221;&#8221; hide_on_tablet=&#8221;&#8221; hide_on_mobile=&#8221;&#8221;][vc_single_image image=&#8221;998&#8243; img_size=&#8221;large&#8221;][vc_empty_space height=&#8221;40px&#8221; alter_height=&#8221;small&#8221; hide_on_desktop=&#8221;&#8221; hide_on_notebook=&#8221;&#8221; hide_on_tablet=&#8221;&#8221; hide_on_mobile=&#8221;&#8221;][vc_column_text]<big>Con <strong>Papyro<\/strong>, usted ahorra desde el primer d\u00eda, al aprovechar al m\u00e1ximo los recursos de producci\u00f3n. Todos nuestros clientes han recuperado su inversi\u00f3n en muy poco tiempo, gracias al ahorro sostenido que se logra al planificar autom\u00e1ticamente la producci\u00f3n.<\/big>[\/vc_column_text][\/vc_column][\/vc_row][vc_row][vc_column][vc_custom_heading text=&#8221;Detalles T\u00e9cnicos&#8221; use_theme_fonts=&#8221;yes&#8221; css_animation=&#8221;fadeIn&#8221;][vc_column_text]<\/p>\n<ul>\n<li><big><strong>Papyro<\/strong> brinda una c\u00f3moda interfaz para cargar los pedidos a producir. Adem\u00e1s, cuenta con una potente herramienta para importar datos desde pr\u00e1cticamente cualquier otro sistema. Usted no tiene que modificar los sistemas que est\u00e9 usando! <strong>Papyro<\/strong> toma los datos desde su sistema con un s\u00f3lo click del mouse.<\/big><\/li>\n<li><big>Al ser una aplicaci\u00f3n orientada a documentos, puede guardar las \u00f3rdenes de producci\u00f3n y los planes de producci\u00f3n hallados por <strong>Papyro<\/strong> en archivos en su disco, para analizarlos o reutilizarlos posteriormente. Se pueden tener varios ambientes de resoluci\u00f3n al mismo tiempo, para obtener soluciones de distintas caracter\u00edsticas y poder compararlas.<\/big><\/li>\n<li><big><strong>Papyro<\/strong> le permite secuenciar la producci\u00f3n! Si usted tiene que cumplir plazos de entrega, <strong>Papyro<\/strong> se encarga de buscar el plan que mejor satisfaga estos plazos. Puede especificar fechas temprana y tard\u00eda individuales para pedido, dejando que <strong>Papyro<\/strong> busque la forma de satisfacer todos los pedidos en fecha.<\/big><\/li>\n<li><big><strong>Papyro<\/strong> permite especificar pedidos opcionales o urgentes, de modo tal de considerar prioridades a la hora de programar. Adem\u00e1s, se puede dar la opci\u00f3n de considerar stock existente, si esto mejora el desperdicio de papel. Usted s\u00f3lo indica las existencias y <strong>Papyro<\/strong> se encarga de decidir si incluirlas mejora el desperdicio.<\/big><\/li>\n<\/ul>\n<p>[\/vc_column_text][vc_empty_space height=&#8221;50&#8243; alter_height=&#8221;small&#8221; hide_on_desktop=&#8221;&#8221; hide_on_notebook=&#8221;&#8221; hide_on_tablet=&#8221;&#8221; hide_on_mobile=&#8221;&#8221;][vc_single_image image=&#8221;999&#8243; img_size=&#8221;large&#8221;][vc_empty_space height=&#8221;50&#8243; alter_height=&#8221;small&#8221; hide_on_desktop=&#8221;&#8221; hide_on_notebook=&#8221;&#8221; hide_on_tablet=&#8221;&#8221; hide_on_mobile=&#8221;&#8221;][vc_empty_space alter_height=&#8221;small&#8221; hide_on_desktop=&#8221;&#8221; hide_on_notebook=&#8221;&#8221; hide_on_tablet=&#8221;&#8221; hide_on_mobile=&#8221;&#8221;][vc_column_text]<\/p>\n<ul>\n<li><big>Con <strong>Papyro<\/strong>, usted puede indicar porcentajes de tolerancia para las cantidades, individuales para cada pedido. De esta forma, se especifican porcentajes aceptables en los cuales un pedido puede ser incumplido a sobreproducido, y <strong>Papyro<\/strong> los tendr\u00e1 en cuenta para decidir autom\u00e1ticamente si esto mejora su productividad.<\/big><\/li>\n<li><big>Tiene en cuenta el o los bujes (ejes o cores) que puede utilizar cada pedido, y s\u00f3lo combina pedidos que compartan un mismo buje. Puede indicar, adem\u00e1s, la cantidad m\u00e1xima de combinaciones en las que un \u00edtem puede aparecer. <strong>Papyro<\/strong> le brinda la mayor flexibilidad a la hora de programar!<\/big><\/li>\n<li><big><strong>Papyro<\/strong> permite producir para resmas, y en este caso se puede especificar la orientaci\u00f3n de fibra de las resmas, y si se permite inversi\u00f3n de fibra dentro de una misma resma. Adem\u00e1s, se pueden especificar los refiles de la bobinadora y rebobinadora, y un factor de sobreproducci\u00f3n, para las hojas que se arruinan en el proceso.<\/big><\/li>\n<li><big>Con <strong>Papyro<\/strong>, puede especificar m\u00e1s de una bobinadora de papel, y buscar el plan \u00f3ptimo usando simult\u00e1neamente m\u00e1s de una bobinadora. Adem\u00e1s, puede indicar las rebobinadoras con las que cuenta, para que Papyro tenga en cuenta el rebobinado durante la optimizaci\u00f3n.<\/big><\/li>\n<li><big><strong>Papyro <\/strong>proporciona gran flexibilidad para definir el ambiente de producci\u00f3n. Usted puede especificar el o los anchos de las m\u00e1quinas, fijar un l\u00edmite para el scrap (desperdicio) m\u00e1ximo en las combinaciones, indicar el peso m\u00ednimo que debe tener un tramo para ser aceptado, la cantidad m\u00ednima de bobinas a fabricar por cada direcci\u00f3n de fibra (en el caso de resmas), y muchas otras posibilidades, para que <strong>Papyro<\/strong> se ajuste exactamente a su empresa. Adem\u00e1s, podr\u00e1 configurar c\u00f3mo quiere que sea la resoluci\u00f3n de <strong>Papyro,<\/strong> para lograr una adaptaci\u00f3n perfecta a sus necesidades.<\/big><\/li>\n<li><big><strong>Papyro<\/strong> presenta la soluci\u00f3n en forma clara e intuitiva, y cuenta con una serie de reportes y gr\u00e1ficos que agilizan el an\u00e1lisis econ\u00f3mico de la producci\u00f3n. Adem\u00e1s, se puede exportar la soluci\u00f3n hacia distintos tipos de archivos.<\/big><\/li>\n<li><big><strong>Papyro<\/strong> cuenta con las mejores herramientas para la manipulaci\u00f3n de pedidos y soluciones. Una vez planificado un grupo de pedidos, se puede restar del pedido original, para planificar el remanente. La aritm\u00e9tica de \u00f3rdenes y soluciones es el complemento ideal para la planificaci\u00f3n, y se incluye sin cargo con la nueva versi\u00f3n de <strong>Papyro<\/strong>.<\/big><\/li>\n<\/ul>\n<p>[\/vc_column_text][vc_custom_heading text=&#8221;Cont\u00e1ctenos!&#8221; use_theme_fonts=&#8221;yes&#8221; css_animation=&#8221;fadeIn&#8221;][vc_column_text]<big><strong>Papyro<\/strong> cuenta con el respaldo de m\u00e1s de 15 a\u00f1os de trayectoria en el mercado, utilizado por empresas papelera de primer nivel en Argentina, Colombia y Venezuela. Puede probar <strong>Papyro<\/strong> sin cargo en nuestros servidores! Contacte a nuestros agentes de ventas a trav\u00e9s de nuestra p\u00e1gina de contacto, y comience a analizar las ventajas de nuestras herramientas!<\/big>[\/vc_column_text][vc_empty_space height=&#8221;40px&#8221; alter_height=&#8221;small&#8221; hide_on_desktop=&#8221;&#8221; hide_on_notebook=&#8221;&#8221; hide_on_tablet=&#8221;&#8221; hide_on_mobile=&#8221;&#8221;][\/vc_column][\/vc_row]<\/p>\n<\/div>","protected":false},"excerpt":{"rendered":"<p>[vc_row][vc_column][vc_custom_heading text=&#8221;Papyro &#8211; La soluci\u00f3n de avanzada para la programaci\u00f3n de la producci\u00f3n de papeles, cartones y cartulinas&#8221; use_theme_fonts=&#8221;yes&#8221; css_animation=&#8221;fadeIn&#8221;][vc_empty_space height=&#8221;60px&#8221; hide_on_desktop=&#8221;&#8221; hide_on_notebook=&#8221;&#8221; hide_on_tablet=&#8221;&#8221;&hellip;<\/p>\n","protected":false},"author":5,"featured_media":0,"parent":0,"menu_order":0,"comment_status":"closed","ping_status":"closed","template":"","meta":{"footnotes":""},"class_list":["post-976","page","type-page","status-publish","hentry"],"_links":{"self":[{"href":"https:\/\/papyro.com\/home\/wp-json\/wp\/v2\/pages\/976","targetHints":{"allow":["GET"]}}],"collection":[{"href":"https:\/\/papyro.com\/home\/wp-json\/wp\/v2\/pages"}],"about":[{"href":"https:\/\/papyro.com\/home\/wp-json\/wp\/v2\/types\/page"}],"author":[{"embeddable":true,"href":"https:\/\/papyro.com\/home\/wp-json\/wp\/v2\/users\/5"}],"replies":[{"embeddable":true,"href":"https:\/\/papyro.com\/home\/wp-json\/wp\/v2\/comments?post=976"}],"version-history":[{"count":5,"href":"https:\/\/papyro.com\/home\/wp-json\/wp\/v2\/pages\/976\/revisions"}],"predecessor-version":[{"id":1233,"href":"https:\/\/papyro.com\/home\/wp-json\/wp\/v2\/pages\/976\/revisions\/1233"}],"wp:attachment":[{"href":"https:\/\/papyro.com\/home\/wp-json\/wp\/v2\/media?parent=976"}],"curies":[{"name":"wp","href":"https:\/\/api.w.org\/{rel}","templated":true}]}}