{"id":973,"date":"2019-05-08T10:27:32","date_gmt":"2019-05-08T10:27:32","guid":{"rendered":"https:\/\/papyro.com\/dev\/?page_id=973"},"modified":"2024-01-02T17:53:42","modified_gmt":"2024-01-02T17:53:42","slug":"procusto-corrugados","status":"publish","type":"page","link":"https:\/\/papyro.com\/home\/procusto-corrugados\/","title":{"rendered":"Procusto Corrugados"},"content":{"rendered":"<div class=\"wpb-content-wrapper\"><p>[vc_row][vc_column][vc_custom_heading text=&#8221;Procusto Corrugados 2 &#8211; La soluci\u00f3n de avanzada para la programaci\u00f3n y seguimiento de la producci\u00f3n en f\u00e1bricas de cajas de cart\u00f3n corrugado&#8221; use_theme_fonts=&#8221;yes&#8221; css_animation=&#8221;fadeIn&#8221;][vc_empty_space height=&#8221;60px&#8221; hide_on_desktop=&#8221;&#8221; hide_on_notebook=&#8221;&#8221; hide_on_tablet=&#8221;&#8221; hide_on_mobile=&#8221;&#8221;][vc_column_text]<big><strong>Procusto<\/strong> es una herramienta general para la resoluci\u00f3n de problemas de planificaci\u00f3n de largo plazo (planning) y programaci\u00f3n de corto plazo (scheduling) en entornos productivos. Cuenta con modernos procedimientos de resoluci\u00f3n, que han sido desarrollados especialmente para este sistema y han demostrado su eficacia en casos de uso reales. Por otra parte, el m\u00f3dulo de seguimiento de la producci\u00f3n permite llevar un registro en tiempo real del estado de la planta, integrando as\u00ed las herramientas de programaci\u00f3n con la producci\u00f3n efectiva.<\/big><\/p>\n<p><big>Esta versi\u00f3n de <strong>Procusto<\/strong> est\u00e1 especialmente adaptada para cubrir las necesidades de programaci\u00f3n y seguimiento en f\u00e1bricas de cajas de cart\u00f3n corrugado. Se encuentra totalmente integrada con nuestro sistema Pandora para la optimizaci\u00f3n de la producci\u00f3n de m\u00e1quinas corrugadoras, minimizando el desperdicio total pero cumpliendo al mismo tiempo con las fechas de entrega acordadas con los clientes.<\/big><\/p>\n<p><big>Por otra parte, el m\u00f3dulo de seguimiento de esta versi\u00f3n de <strong>Procusto<\/strong> se encuentra completamente adaptado a las caracter\u00edsticas especiales de este tipo de industrias. Desde la impresi\u00f3n de las boletas de producci\u00f3n hasta el seguimiento minuto a minuto de los lotes de producci\u00f3n, <strong>Procusto<\/strong> le permitir\u00e1 conocer el estado de la planta y tener un registro de la producci\u00f3n efectivamente realizada en cada centro de costos.<\/big><\/p>\n<p><big>Maneja stocks de los insumos, permite llevar un control de las cantidades consumidas, e incorpora una gran variedad de reportes. Conozca las caracter\u00edsticas de este desarrollo, y comience a recorrer junto a nosotros el exitoso camino de la integraci\u00f3n de herramientas de optimizaci\u00f3n con el seguimiento en tiempo real de la producci\u00f3n y el estado de la planta!<\/big>[\/vc_column_text][\/vc_column][\/vc_row][vc_row][vc_column][vc_empty_space height=&#8221;60px&#8221; hide_on_desktop=&#8221;&#8221; hide_on_notebook=&#8221;&#8221; hide_on_tablet=&#8221;&#8221; hide_on_mobile=&#8221;&#8221;][vc_single_image image=&#8221;1280&#8243; img_size=&#8221;large&#8221;][vc_empty_space height=&#8221;50&#8243; alter_height=&#8221;small&#8221; hide_on_desktop=&#8221;&#8221; hide_on_notebook=&#8221;&#8221; hide_on_tablet=&#8221;&#8221; hide_on_mobile=&#8221;&#8221;][vc_single_image image=&#8221;1281&#8243; img_size=&#8221;large&#8221;][\/vc_column][\/vc_row][vc_row][vc_column][vc_empty_space height=&#8221;50&#8243; alter_height=&#8221;small&#8221; hide_on_desktop=&#8221;&#8221; hide_on_notebook=&#8221;&#8221; hide_on_tablet=&#8221;&#8221; hide_on_mobile=&#8221;&#8221;][vc_single_image image=&#8221;993&#8243; img_size=&#8221;large&#8221;][vc_empty_space height=&#8221;50&#8243; alter_height=&#8221;small&#8221; hide_on_desktop=&#8221;&#8221; hide_on_notebook=&#8221;&#8221; hide_on_tablet=&#8221;&#8221; hide_on_mobile=&#8221;&#8221;][vc_single_image image=&#8221;1282&#8243; img_size=&#8221;large&#8221;][vc_empty_space height=&#8221;50&#8243; alter_height=&#8221;small&#8221; hide_on_desktop=&#8221;&#8221; hide_on_notebook=&#8221;&#8221; hide_on_tablet=&#8221;&#8221; hide_on_mobile=&#8221;&#8221;][vc_single_image image=&#8221;995&#8243; img_size=&#8221;large&#8221;][vc_empty_space alter_height=&#8221;small&#8221; hide_on_desktop=&#8221;&#8221; hide_on_notebook=&#8221;&#8221; hide_on_tablet=&#8221;&#8221; hide_on_mobile=&#8221;&#8221;][vc_empty_space height=&#8221;40px&#8221; alter_height=&#8221;small&#8221; hide_on_desktop=&#8221;&#8221; hide_on_notebook=&#8221;&#8221; hide_on_tablet=&#8221;&#8221; hide_on_mobile=&#8221;&#8221;][\/vc_column][\/vc_row]<\/p>\n<\/div>","protected":false},"excerpt":{"rendered":"<p>[vc_row][vc_column][vc_custom_heading text=&#8221;Procusto Corrugados 2 &#8211; La soluci\u00f3n de avanzada para la programaci\u00f3n y seguimiento de la producci\u00f3n en f\u00e1bricas de cajas de cart\u00f3n corrugado&#8221;&hellip;<\/p>\n","protected":false},"author":5,"featured_media":0,"parent":0,"menu_order":0,"comment_status":"closed","ping_status":"closed","template":"","meta":{"footnotes":""},"class_list":["post-973","page","type-page","status-publish","hentry"],"_links":{"self":[{"href":"https:\/\/papyro.com\/home\/wp-json\/wp\/v2\/pages\/973","targetHints":{"allow":["GET"]}}],"collection":[{"href":"https:\/\/papyro.com\/home\/wp-json\/wp\/v2\/pages"}],"about":[{"href":"https:\/\/papyro.com\/home\/wp-json\/wp\/v2\/types\/page"}],"author":[{"embeddable":true,"href":"https:\/\/papyro.com\/home\/wp-json\/wp\/v2\/users\/5"}],"replies":[{"embeddable":true,"href":"https:\/\/papyro.com\/home\/wp-json\/wp\/v2\/comments?post=973"}],"version-history":[{"count":5,"href":"https:\/\/papyro.com\/home\/wp-json\/wp\/v2\/pages\/973\/revisions"}],"predecessor-version":[{"id":1283,"href":"https:\/\/papyro.com\/home\/wp-json\/wp\/v2\/pages\/973\/revisions\/1283"}],"wp:attachment":[{"href":"https:\/\/papyro.com\/home\/wp-json\/wp\/v2\/media?parent=973"}],"curies":[{"name":"wp","href":"https:\/\/api.w.org\/{rel}","templated":true}]}}