{"id":843,"date":"2019-05-03T20:31:32","date_gmt":"2019-05-03T20:31:32","guid":{"rendered":"https:\/\/papyro.com\/dev\/?page_id=843"},"modified":"2019-05-08T09:23:17","modified_gmt":"2019-05-08T09:23:17","slug":"servicios","status":"publish","type":"page","link":"https:\/\/papyro.com\/home\/servicios\/","title":{"rendered":"Servicios"},"content":{"rendered":"<div class=\"wpb-content-wrapper\"><p>[vc_row][vc_column][vc_custom_heading text=&#8221;Desarrollos a Medida&#8221; font_container=&#8221;tag:h2|text_align:left|color:%230a0a0a&#8221; use_theme_fonts=&#8221;yes&#8221; css_animation=&#8221;fadeIn&#8221; css=&#8221;.vc_custom_1557306923659{background-size: contain !important;}&#8221;][vc_column_text]<big>Nos ponemos continuamente a su servicio no solo para ofrecerle nuestros productos, sino tambi\u00e9n para satisfacer sus necesidades particulares.<\/big><\/p>\n<p><big>Por nuestra particular composici\u00f3n profesional interna, nuestro modo de hacer sistemas incluye el punto de vista del cliente dentro de la organizaci\u00f3n. Dado que siempre hemos trabjado en el \u00e1mbito industrial y comercial, no necesitamos profundas explicaciones suyas o de su gente para comprender sus necesidades.<\/big><\/p>\n<p><big>Adem\u00e1s, siempre buscamos que nuestros sistemas sean fuente de informaci\u00f3n para la mejor toma de decisiones, sea que incorporemos o no esquemas de optimizaci\u00f3n en el mismo.<\/big><\/p>\n<p><big>Lo invitamos a que nos plantee sus necesidades para que le acerquemos una oferta adeucada que cubra sus requerimientos. De este modo han comenzado parte de nuestros productos, lo que hace que usted, con un simple costo de mantenimiento, logre tener un sistema actualizado de por vida.<\/big><\/p>\n<ul>\n<li><big>Problemas particulares de secuenciamiento de tareas.<\/big><\/li>\n<li><big>Soluci\u00f3n de problemas de tiempos de espera.<\/big><\/li>\n<li><big>Utilizaci\u00f3n \u00f3ptima de recursos y materias primas.<\/big><\/li>\n<li><big>Manejo de plantaciones y recursos naturales.<\/big><\/li>\n<li><big>Optimizaci\u00f3n de inventarios.<\/big><\/li>\n<li><big>Planificaci\u00f3n estrat\u00e9gica.<\/big><\/li>\n<\/ul>\n<p><big>Ll\u00e1menos para que lo ayudemos a recorrer el camino de incrementar cotidianamente su eficiencia productiva o de servicios!<\/big>[\/vc_column_text][vc_custom_heading text=&#8221;Cursos&#8221; font_container=&#8221;tag:h2|text_align:left|color:%230a0a0a&#8221; use_theme_fonts=&#8221;yes&#8221; css_animation=&#8221;fadeIn&#8221; css=&#8221;.vc_custom_1557306946597{background-size: contain !important;}&#8221;][vc_column_text]<big>Una de nuestras actividades es el dictado de cursos de formaci\u00f3n especializada para el sector industrial. Nuestros cursos se orientan a la aplicaci\u00f3n de t\u00e9cnicas de optimizaci\u00f3n en situaciones reales, principalmente en entornos industriales.<\/big><\/p>\n<p><big>Gracias a la instalaci\u00f3n de nuestros sistemas en distintas empresas l\u00edderes de la Argentina y Latinoam\u00e9rica, junto con experiencia docente formal, hemos desarrollado una experiencia interesante en la instrucci\u00f3n de uso de herramientas de decisi\u00f3n y gesti\u00f3n modernas bajo distintos grados de formaci\u00f3n previa.<\/big><\/p>\n<p><big>Nuestra intenci\u00f3n es siempre incorporar en forma inmediata las necesidades del interesado en obtener formaci\u00f3n en nuestros planes de trabajo.<\/big><\/p>\n<ul>\n<li><big>Programaci\u00f3n de la producci\u00f3n y optimizaci\u00f3n.<\/big><\/li>\n<li><big>Herramientas de planificaci\u00f3n industrial para Excel.<\/big><\/li>\n<li><big>Econom\u00eda forestal y uso de GAMS (General Algebraic Modeling System).<\/big><\/li>\n<li><big>Utilizaci\u00f3n de herramientas de planificaci\u00f3n de la producci\u00f3n.<\/big><\/li>\n<li><big>Programaci\u00f3n lineal y programaci\u00f3n lineal entera, aplicadas a la producci\u00f3n industrial.<\/big><\/li>\n<\/ul>\n<p><big>Nuestros cursos apuntan a la capacitaci\u00f3n continua de la industria, haciendo hincapi\u00e9 en la aplicaci\u00f3n de las t\u00e9cnicas de optimizaci\u00f3n. Adem\u00e1s, preparamos cursos ad hoc para mejorar la productividad diaria de su personal o para hacer m\u00e1s efectivo el accionar de los cuerpos directivos. No hacen falta conocimientos previos de computaci\u00f3n. Si desea conocer m\u00e1s detalles sobre nuestros cursos, cont\u00e1ctenos!<\/big>[\/vc_column_text][vc_separator color=&#8221;green&#8221; align=&#8221;align_left&#8221; border_width=&#8221;2&#8243; el_width=&#8221;50&#8243;][\/vc_column][\/vc_row][vc_row][vc_column][\/vc_column][\/vc_row]<\/p>\n<\/div>","protected":false},"excerpt":{"rendered":"<p>[vc_row][vc_column][vc_custom_heading text=&#8221;Desarrollos a Medida&#8221; font_container=&#8221;tag:h2|text_align:left|color:%230a0a0a&#8221; use_theme_fonts=&#8221;yes&#8221; css_animation=&#8221;fadeIn&#8221; css=&#8221;.vc_custom_1557306923659{background-size: contain !important;}&#8221;][vc_column_text]Nos ponemos continuamente a su servicio no solo para ofrecerle nuestros productos, sino tambi\u00e9n para&hellip;<\/p>\n","protected":false},"author":5,"featured_media":0,"parent":0,"menu_order":0,"comment_status":"closed","ping_status":"closed","template":"","meta":{"footnotes":""},"class_list":["post-843","page","type-page","status-publish","hentry"],"_links":{"self":[{"href":"https:\/\/papyro.com\/home\/wp-json\/wp\/v2\/pages\/843","targetHints":{"allow":["GET"]}}],"collection":[{"href":"https:\/\/papyro.com\/home\/wp-json\/wp\/v2\/pages"}],"about":[{"href":"https:\/\/papyro.com\/home\/wp-json\/wp\/v2\/types\/page"}],"author":[{"embeddable":true,"href":"https:\/\/papyro.com\/home\/wp-json\/wp\/v2\/users\/5"}],"replies":[{"embeddable":true,"href":"https:\/\/papyro.com\/home\/wp-json\/wp\/v2\/comments?post=843"}],"version-history":[{"count":2,"href":"https:\/\/papyro.com\/home\/wp-json\/wp\/v2\/pages\/843\/revisions"}],"predecessor-version":[{"id":965,"href":"https:\/\/papyro.com\/home\/wp-json\/wp\/v2\/pages\/843\/revisions\/965"}],"wp:attachment":[{"href":"https:\/\/papyro.com\/home\/wp-json\/wp\/v2\/media?parent=843"}],"curies":[{"name":"wp","href":"https:\/\/api.w.org\/{rel}","templated":true}]}}